{"id":11,"date":"2025-11-18T11:39:59","date_gmt":"2025-11-18T09:39:59","guid":{"rendered":"https:\/\/mat.ub.edu\/matematiques\/?page_id=8"},"modified":"2025-12-05T08:22:46","modified_gmt":"2025-12-05T06:22:46","slug":"presentacio","status":"publish","type":"page","link":"https:\/\/mat.ub.edu\/computer\/","title":{"rendered":"Presentation"},"content":{"rendered":"<div class=\"wpb-content-wrapper\"><p>[vc_row][vc_column][vc_single_image image=&#8221;16&#8243; img_size=&#8221;2001&#215;200&#8243; alignment=&#8221;center&#8221; style=&#8221;vc_box_rounded&#8221; css_animation=&#8221;appear&#8221; css=&#8221;&#8221;][vc_column_text css=&#8221;&#8221;]<\/p>\n<h1>Degree in Computer Science<\/h1>\n<p>[\/vc_column_text][vc_column_text css=&#8221;&#8221;]<\/p>\n<p style=\"text-align: center;\"><span style=\"font-size: 18pt;\"><strong>PLA D&#8217;ESTUDIS 2026<\/strong><\/span><\/p>\n<table style=\"width: 99.7192%; height: 720px;\" width=\"1310\">\n<tbody>\n<tr style=\"background-color: #e8e8e8; border-style: hidden;\">\n<td style=\"height: 24px; text-align: center; width: 6.77966%;\" width=\"85\"><strong>CURS<\/strong><\/td>\n<td style=\"height: 24px; text-align: center; width: 26.2926%;\" width=\"340\"><strong>SEMESTRE DE TARDOR<\/strong><\/td>\n<td style=\"height: 24px; text-align: center; width: 5.58246%;\" width=\"48\"><strong>ECTS<\/strong><\/td>\n<td style=\"height: 24px; text-align: center; width: 6.09376%;\" width=\"52\"><strong>TIPUS<\/strong><\/td>\n<td style=\"height: 24px; text-align: center; width: 38.7988%;\" width=\"405\"><strong>SEMESTRE DE PRIMAVERA<\/strong><\/td>\n<td style=\"height: 24px; text-align: center; width: 5.92162%;\" width=\"44\"><strong>ECTS<\/strong><\/td>\n<td style=\"height: 24px; text-align: center; width: 6.12692%;\" width=\"52\"><strong>TIPUS<\/strong><\/td>\n<\/tr>\n<tr style=\"border-style: hidden;\">\n<td style=\"height: 24px; width: 6.77966%;\"><strong>PRIMER<\/strong><\/td>\n<td style=\"width: 26.2926%; height: 24px;\" width=\"354\"><strong>INTRODUCCI\u00d3 A LA PROGRAMACI\u00d3<\/strong><\/td>\n<td style=\"height: 24px; width: 5.58246%; text-align: center;\"><strong>6<\/strong><\/td>\n<td style=\"height: 24px; width: 6.09376%; text-align: center;\"><strong>FB<\/strong><\/td>\n<td style=\"width: 38.7988%;\" width=\"406\"><strong>PROGRAMACI\u00d3 AVAN\u00c7ADA<\/strong><\/td>\n<td style=\"height: 24px; width: 5.92162%; text-align: center;\"><strong>6<\/strong><\/td>\n<td style=\"height: 24px; width: 6.12692%; text-align: center;\"><strong>FB<\/strong><\/td>\n<\/tr>\n<tr style=\"border-style: hidden;\">\n<td style=\"height: 24px; width: 6.77966%;\"><\/td>\n<td style=\"width: 26.2926%; height: 24px;\"><strong>MATEM\u00c0TICA DISCRETA<\/strong><\/td>\n<td style=\"height: 24px; width: 5.58246%; text-align: center;\"><strong>6<\/strong><\/td>\n<td style=\"height: 24px; width: 6.09376%; text-align: center;\"><strong>FB<\/strong><\/td>\n<td style=\"width: 38.7988%;\"><strong>ESTRUCTURA DE DADES<\/strong><\/td>\n<td style=\"height: 24px; width: 5.92162%; text-align: center;\"><strong>6<\/strong><\/td>\n<td style=\"height: 24px; width: 6.12692%; text-align: center;\"><strong>FB<\/strong><\/td>\n<\/tr>\n<tr style=\"border-style: hidden;\">\n<td style=\"height: 24px; width: 6.77966%;\"><\/td>\n<td style=\"width: 26.2926%; height: 24px;\"><strong>C\u00c0LCUL<\/strong><\/td>\n<td style=\"height: 24px; width: 5.58246%; text-align: center;\"><strong>6<\/strong><\/td>\n<td style=\"height: 24px; width: 6.09376%; text-align: center;\"><strong>FB<\/strong><\/td>\n<td style=\"width: 38.7988%;\"><strong>\u00c0LGEBRA<\/strong><\/td>\n<td style=\"height: 24px; width: 5.92162%; text-align: center;\"><strong>6<\/strong><\/td>\n<td style=\"height: 24px; width: 6.12692%; text-align: center;\"><strong>FB<\/strong><\/td>\n<\/tr>\n<tr style=\"border-style: hidden;\">\n<td style=\"height: 24px; width: 6.77966%;\"><\/td>\n<td style=\"width: 26.2926%; height: 24px;\"><strong>ALGOR\u00cdSMICA\u00a0<\/strong><\/td>\n<td style=\"height: 24px; width: 5.58246%; text-align: center;\"><strong>6<\/strong><\/td>\n<td style=\"height: 24px; width: 6.09376%; text-align: center;\"><strong>FB<\/strong><\/td>\n<td style=\"width: 38.7988%;\"><strong>PROBABILITAT I ESTAD\u00cdSTICA<\/strong><\/td>\n<td style=\"height: 24px; width: 5.92162%; text-align: center;\"><strong>6<\/strong><\/td>\n<td style=\"height: 24px; width: 6.12692%; text-align: center;\"><strong>FB<\/strong><\/td>\n<\/tr>\n<tr style=\"border-style: hidden;\">\n<td style=\"height: 24px; width: 6.77966%;\"><\/td>\n<td style=\"width: 26.2926%; height: 24px;\"><strong>FONAMENTS F\u00cdSICS I TECNOL\u00d2GICS<\/strong><\/td>\n<td style=\"height: 24px; width: 5.58246%; text-align: center;\"><strong>6<\/strong><\/td>\n<td style=\"height: 24px; width: 6.09376%; text-align: center;\"><strong>FB<\/strong><\/td>\n<td style=\"width: 38.7988%;\"><strong>INTRODUCCI\u00d3 ALS ORDINADORS<\/strong><\/td>\n<td style=\"height: 24px; width: 5.92162%; text-align: center;\"><strong>6<\/strong><\/td>\n<td style=\"height: 24px; width: 6.12692%; text-align: center;\"><strong>FB<\/strong><\/td>\n<\/tr>\n<tr style=\"border-style: hidden;\">\n<td style=\"height: 24px; width: 6.77966%;\"><\/td>\n<td style=\"height: 24px; width: 26.2926%;\"><\/td>\n<td style=\"height: 24px; width: 5.58246%; text-align: center;\"><\/td>\n<td style=\"height: 24px; width: 6.09376%; text-align: center;\"><\/td>\n<td style=\"height: 24px; width: 38.7988%;\"><\/td>\n<td style=\"height: 24px; width: 5.92162%; text-align: center;\"><\/td>\n<td style=\"height: 24px; width: 6.12692%; text-align: center;\"><\/td>\n<\/tr>\n<tr style=\"border-style: hidden;\">\n<td style=\"height: 24px; width: 6.77966%;\"><\/td>\n<td style=\"height: 24px; width: 26.2926%;\"><\/td>\n<td style=\"height: 24px; width: 5.58246%; text-align: center;\"><\/td>\n<td style=\"height: 24px; width: 6.09376%; text-align: center;\"><\/td>\n<td style=\"height: 24px; width: 38.7988%;\"><\/td>\n<td style=\"height: 24px; width: 5.92162%; text-align: center;\"><\/td>\n<td style=\"height: 24px; width: 6.12692%; text-align: center;\"><\/td>\n<\/tr>\n<tr style=\"border-style: hidden;\">\n<td style=\"height: 24px; width: 6.77966%;\"><strong>SEGON<\/strong><\/td>\n<td style=\"width: 26.2926%;\" width=\"354\"><strong>\u00c0LGEBRA AVAN\u00c7ADA I C\u00c0LCUL<\/strong><\/td>\n<td style=\"height: 24px; width: 5.58246%; text-align: center;\"><strong>6<\/strong><\/td>\n<td style=\"height: 24px; width: 6.09376%; text-align: center;\"><strong>OB<\/strong><\/td>\n<td style=\"width: 38.7988%;\" width=\"406\"><strong>DISENY DE SOFTWARE<\/strong><\/td>\n<td style=\"height: 24px; width: 5.92162%; text-align: center;\"><strong>6<\/strong><\/td>\n<td style=\"height: 24px; width: 6.12692%; text-align: center;\"><strong>OB<\/strong><\/td>\n<\/tr>\n<tr style=\"border-style: hidden;\">\n<td style=\"height: 48px; width: 6.77966%;\"><\/td>\n<td style=\"width: 26.2926%;\"><strong>BASES DE DADES<\/strong><\/td>\n<td style=\"height: 48px; width: 5.58246%; text-align: center;\"><strong>6<\/strong><\/td>\n<td style=\"height: 48px; width: 6.09376%; text-align: center;\"><strong>OB<\/strong><\/td>\n<td style=\"width: 38.7988%;\"><strong>M\u00c8TODES NUM\u00c8RICS PER A LA CI\u00c8NCIA COMPUTACIONAL<\/strong><\/td>\n<td style=\"height: 48px; width: 5.92162%; text-align: center;\"><strong>6<\/strong><\/td>\n<td style=\"height: 48px; width: 6.12692%; text-align: center;\"><strong>OB<\/strong><\/td>\n<\/tr>\n<tr style=\"border-style: hidden;\">\n<td style=\"height: 24px; width: 6.77966%;\"><\/td>\n<td style=\"width: 26.2926%;\"><strong>ALGOR\u00cdSMICA AVAN\u00c7ADA<\/strong><\/td>\n<td style=\"height: 24px; width: 5.58246%; text-align: center;\"><strong>6<\/strong><\/td>\n<td style=\"height: 24px; width: 6.09376%; text-align: center;\"><strong>OB<\/strong><\/td>\n<td style=\"width: 38.7988%;\"><strong>TEORIA DE LA COMPUTACI\u00d3<\/strong><\/td>\n<td style=\"height: 24px; width: 5.92162%; text-align: center;\"><strong>6<\/strong><\/td>\n<td style=\"height: 24px; width: 6.12692%; text-align: center;\"><strong>OB<\/strong><\/td>\n<\/tr>\n<tr style=\"border-style: hidden;\">\n<td style=\"height: 24px; width: 6.77966%;\"><\/td>\n<td style=\"width: 26.2926%;\"><strong>SISTEMES OPERATIUS<\/strong><\/td>\n<td style=\"height: 24px; width: 5.58246%; text-align: center;\"><strong>6<\/strong><\/td>\n<td style=\"height: 24px; width: 6.09376%; text-align: center;\"><strong>OB<\/strong><\/td>\n<td style=\"width: 38.7988%;\"><strong>PROGRAMACI\u00d3 CONCURRENT<\/strong><\/td>\n<td style=\"height: 24px; width: 5.92162%; text-align: center;\"><strong>6<\/strong><\/td>\n<td style=\"height: 24px; width: 6.12692%; text-align: center;\"><strong>OB<\/strong><\/td>\n<\/tr>\n<tr style=\"border-style: hidden;\">\n<td style=\"height: 48px; width: 6.77966%;\"><\/td>\n<td style=\"width: 26.2926%;\"><strong>ESTRUCTURA I ARQUITECTURA DE COMPUTADORS<\/strong><\/td>\n<td style=\"height: 48px; width: 5.58246%; text-align: center;\"><strong>6<\/strong><\/td>\n<td style=\"height: 48px; width: 6.09376%; text-align: center;\"><strong>OB<\/strong><\/td>\n<td style=\"width: 38.7988%;\"><strong>XARXES<\/strong><\/td>\n<td style=\"height: 48px; width: 5.92162%; text-align: center;\"><strong>6<\/strong><\/td>\n<td style=\"height: 48px; width: 6.12692%; text-align: center;\"><strong>OB<\/strong><\/td>\n<\/tr>\n<tr style=\"border-style: hidden;\">\n<td style=\"height: 24px; width: 6.77966%;\"><\/td>\n<td style=\"height: 24px; width: 26.2926%;\"><\/td>\n<td style=\"height: 24px; width: 5.58246%; text-align: center;\"><\/td>\n<td style=\"height: 24px; width: 6.09376%; text-align: center;\"><\/td>\n<td style=\"height: 24px; width: 38.7988%;\"><\/td>\n<td style=\"height: 24px; width: 5.92162%; text-align: center;\"><\/td>\n<td style=\"height: 24px; width: 6.12692%; text-align: center;\"><\/td>\n<\/tr>\n<tr style=\"border-style: hidden;\">\n<td style=\"height: 24px; width: 6.77966%;\"><\/td>\n<td style=\"height: 24px; width: 26.2926%;\"><\/td>\n<td style=\"height: 24px; width: 5.58246%; text-align: center;\"><\/td>\n<td style=\"height: 24px; width: 6.09376%; text-align: center;\"><\/td>\n<td style=\"height: 24px; width: 38.7988%;\"><\/td>\n<td style=\"height: 24px; width: 5.92162%; text-align: center;\"><\/td>\n<td style=\"height: 24px; width: 6.12692%; text-align: center;\"><\/td>\n<\/tr>\n<tr style=\"border-style: hidden;\">\n<td style=\"height: 24px; width: 6.77966%;\"><strong>TERCER<\/strong><\/td>\n<td style=\"width: 26.2926%;\" width=\"354\"><strong>OPTIMIZACI\u00d3<\/strong><\/td>\n<td style=\"height: 24px; width: 5.58246%; text-align: center;\"><strong>6<\/strong><\/td>\n<td style=\"height: 24px; width: 6.09376%; text-align: center;\"><strong>OB<\/strong><\/td>\n<td style=\"width: 38.7988%;\" width=\"406\"><strong>ENGINYERIA DEL SOFTWARE<\/strong><\/td>\n<td style=\"height: 24px; width: 5.92162%; text-align: center;\"><strong>6<\/strong><\/td>\n<td style=\"height: 24px; width: 6.12692%; text-align: center;\"><strong>OB<\/strong><\/td>\n<\/tr>\n<tr style=\"border-style: hidden;\">\n<td style=\"height: 24px; width: 6.77966%;\"><\/td>\n<td style=\"width: 26.2926%;\"><strong>INTEL\u00b7LIG\u00c8NCIA ARTIFICIAL<\/strong><\/td>\n<td style=\"height: 24px; width: 5.58246%; text-align: center;\"><strong>6<\/strong><\/td>\n<td style=\"height: 24px; width: 6.09376%; text-align: center;\"><strong>OB<\/strong><\/td>\n<td style=\"width: 38.7988%;\"><strong>BASES DE DADES AVAN\u00c7ADES<\/strong><\/td>\n<td style=\"height: 24px; width: 5.92162%; text-align: center;\"><strong>6<\/strong><\/td>\n<td style=\"height: 24px; width: 6.12692%; text-align: center;\"><strong>OB<\/strong><\/td>\n<\/tr>\n<tr style=\"border-style: hidden;\">\n<td style=\"height: 48px; width: 6.77966%;\"><\/td>\n<td style=\"width: 26.2926%;\"><strong>APRENENTATGE AUTOM\u00c0TIC<\/strong><\/td>\n<td style=\"height: 48px; width: 5.58246%; text-align: center;\"><strong>6<\/strong><\/td>\n<td style=\"height: 48px; width: 6.09376%; text-align: center;\"><strong>OB<\/strong><\/td>\n<td style=\"width: 38.7988%;\"><strong>TEORIA DE LA INFORMACI\u00d3 I PROCESSAT DEL SENYAL<\/strong><\/td>\n<td style=\"height: 48px; width: 5.92162%; text-align: center;\"><strong>6<\/strong><\/td>\n<td style=\"height: 48px; width: 6.12692%; text-align: center;\"><strong>OB<\/strong><\/td>\n<\/tr>\n<tr style=\"border-style: hidden;\">\n<td style=\"height: 24px; width: 6.77966%;\"><\/td>\n<td style=\"width: 26.2926%;\"><strong>SOFTWARE DISTRIBU\u00cfT<\/strong><\/td>\n<td style=\"height: 24px; width: 5.58246%; text-align: center;\"><strong>6<\/strong><\/td>\n<td style=\"height: 24px; width: 6.09376%; text-align: center;\"><strong>OB<\/strong><\/td>\n<td style=\"width: 38.7988%;\"><strong>INTERACCI\u00d3 PERSONA-ORDINADOR<\/strong><\/td>\n<td style=\"height: 24px; width: 5.92162%; text-align: center;\"><strong>6<\/strong><\/td>\n<td style=\"height: 24px; width: 6.12692%; text-align: center;\"><strong>OB<\/strong><\/td>\n<\/tr>\n<tr style=\"border-style: hidden;\">\n<td style=\"height: 24px; width: 6.77966%;\"><\/td>\n<td style=\"width: 26.2926%;\"><strong>EMPRESA<\/strong><\/td>\n<td style=\"height: 24px; width: 5.58246%; text-align: center;\"><strong>6<\/strong><\/td>\n<td style=\"height: 24px; width: 6.09376%; text-align: center;\"><strong>OB<\/strong><\/td>\n<td style=\"width: 38.7988%;\"><strong>\u00c8TICA I LEGISLACI\u00d3<\/strong><\/td>\n<td style=\"height: 24px; width: 5.92162%; text-align: center;\"><strong>6<\/strong><\/td>\n<td style=\"height: 24px; width: 6.12692%; text-align: center;\"><strong>OB<\/strong><\/td>\n<\/tr>\n<tr style=\"border-style: hidden;\">\n<td style=\"height: 24px; width: 6.77966%;\"><\/td>\n<td style=\"height: 24px; width: 26.2926%;\"><\/td>\n<td style=\"height: 24px; width: 5.58246%;\"><\/td>\n<td style=\"height: 24px; width: 6.09376%;\"><\/td>\n<td style=\"height: 24px; width: 38.7988%;\"><\/td>\n<td style=\"height: 24px; width: 5.92162%;\"><\/td>\n<td style=\"height: 24px; width: 6.12692%;\"><\/td>\n<\/tr>\n<tr style=\"border-style: hidden;\">\n<td style=\"height: 24px; width: 6.77966%;\"><\/td>\n<td style=\"height: 24px; width: 26.2926%;\"><\/td>\n<td style=\"height: 24px; width: 5.58246%;\"><\/td>\n<td style=\"height: 24px; width: 6.09376%;\"><\/td>\n<td style=\"height: 24px; width: 38.7988%;\"><\/td>\n<td style=\"height: 24px; width: 5.92162%;\"><\/td>\n<td style=\"height: 24px; width: 6.12692%;\"><\/td>\n<\/tr>\n<tr style=\"border-style: hidden;\">\n<td style=\"height: 24px; width: 6.77966%;\"><strong>QUART<\/strong><\/td>\n<td style=\"width: 26.2926%;\" width=\"354\"><strong>SEGURETAT<\/strong><\/td>\n<td style=\"height: 24px; width: 5.58246%; text-align: center;\"><strong>6<\/strong><\/td>\n<td style=\"height: 24px; width: 6.09376%; text-align: center;\"><strong>OB<\/strong><\/td>\n<td style=\"width: 38.7988%;\" width=\"406\"><\/td>\n<td style=\"height: 24px; width: 5.92162%;\"><\/td>\n<td style=\"height: 24px; width: 6.12692%;\"><\/td>\n<\/tr>\n<tr style=\"border-style: hidden;\">\n<td style=\"height: 24px; width: 6.77966%;\"><\/td>\n<td style=\"width: 26.2926%;\"><strong>OPTATIVA 1<\/strong><\/td>\n<td style=\"height: 24px; width: 5.58246%; text-align: center;\"><strong>6<\/strong><\/td>\n<td style=\"height: 24px; width: 6.09376%; text-align: center;\"><strong>OB<\/strong><\/td>\n<td style=\"width: 38.7988%;\" width=\"406\"><strong>OPTATIVA 5<\/strong><\/td>\n<td style=\"height: 24px; width: 5.92162%; text-align: center;\"><strong>6<\/strong><\/td>\n<td style=\"height: 24px; width: 6.12692%; text-align: center;\"><strong>OB<\/strong><\/td>\n<\/tr>\n<tr style=\"border-style: hidden;\">\n<td style=\"height: 24px; width: 6.77966%;\"><\/td>\n<td style=\"width: 26.2926%;\"><strong>OPTATIVA 2<\/strong><\/td>\n<td style=\"height: 24px; width: 5.58246%; text-align: center;\"><strong>6<\/strong><\/td>\n<td style=\"height: 24px; width: 6.09376%; text-align: center;\"><strong>OB<\/strong><\/td>\n<td style=\"width: 38.7988%;\"><strong>OPTATIVA 6<\/strong><\/td>\n<td style=\"height: 24px; width: 5.92162%; text-align: center;\"><strong>6<\/strong><\/td>\n<td style=\"height: 24px; width: 6.12692%; text-align: center;\"><strong>OB<\/strong><\/td>\n<\/tr>\n<tr style=\"border-style: hidden;\">\n<td style=\"height: 24px; width: 6.77966%;\"><\/td>\n<td style=\"width: 26.2926%;\"><strong>OPTATIVA 3<\/strong><\/td>\n<td style=\"height: 24px; width: 5.58246%; text-align: center;\"><strong>6<\/strong><\/td>\n<td style=\"height: 24px; width: 6.09376%; text-align: center;\"><strong>OB<\/strong><\/td>\n<td style=\"width: 38.7988%;\"><strong>OPTATIVA 7<\/strong><\/td>\n<td style=\"height: 24px; width: 5.92162%; text-align: center;\"><strong>6<\/strong><\/td>\n<td style=\"height: 24px; width: 6.12692%; text-align: center;\"><strong>OB<\/strong><\/td>\n<\/tr>\n<tr style=\"border-style: hidden;\">\n<td style=\"height: 24px; width: 6.77966%;\"><\/td>\n<td style=\"width: 26.2926%;\"><strong>OPTATIVA 4<\/strong><\/td>\n<td style=\"height: 24px; width: 5.58246%; text-align: center;\"><strong>6<\/strong><\/td>\n<td style=\"height: 24px; width: 6.09376%; text-align: center;\"><strong>OB<\/strong><\/td>\n<td style=\"width: 38.7988%;\"><strong>TREBALL DE FI DE GRAU<\/strong><\/td>\n<td style=\"height: 24px; width: 5.92162%; text-align: center;\"><strong>12<\/strong><\/td>\n<td style=\"height: 24px; width: 6.12692%; text-align: center;\"><strong>OB<\/strong><\/td>\n<\/tr>\n<\/tbody>\n<\/table>\n<p><img loading=\"lazy\" decoding=\"async\" class=\"\" src=\"https:\/\/mat.ub.edu\/informatica\/wp-content\/uploads\/sites\/49\/2025\/12\/info1.png\" width=\"1282\" height=\"843\" \/>[\/vc_column_text][vc_column_text css=&#8221;&#8221;]<img decoding=\"async\" class=\"responsive\" src=\"https:\/\/mat.ub.edu\/informatica\/wp-content\/uploads\/sites\/49\/2025\/11\/ei-mencions2025-2.png\" width=\"100%\" height=\"auto\" \/>[\/vc_column_text][\/vc_column][\/vc_row][vc_column][\/vc_column]<\/p>\n<\/div>","protected":false},"excerpt":{"rendered":"<p>[vc_row][vc_column][vc_single_image image=&#8221;16&#8243; img_size=&#8221;2001&#215;200&#8243; alignment=&#8221;center&#8221; style=&#8221;vc_box_rounded&#8221; css_animation=&#8221;appear&#8221; css=&#8221;&#8221;][vc_column_text css=&#8221;&#8221;] Degree in Computer Science [\/vc_column_text][vc_column_text css=&#8221;&#8221;] PLA D&#8217;ESTUDIS 2026 CURS SEMESTRE DE TARDOR ECTS TIPUS SEMESTRE DE PRIMAVERA ECTS TIPUS PRIMER INTRODUCCI\u00d3 A LA PROGRAMACI\u00d3 6 FB PROGRAMACI\u00d3 AVAN\u00c7ADA 6 FB MATEM\u00c0TICA DISCRETA 6 FB ESTRUCTURA DE DADES 6 FB C\u00c0LCUL 6 FB \u00c0LGEBRA 6 FB ALGOR\u00cdSMICA\u00a0 [&hellip;]<\/p>\n","protected":false},"author":3,"featured_media":0,"parent":0,"menu_order":0,"comment_status":"closed","ping_status":"closed","template":"","meta":{"footnotes":""},"class_list":["post-11","page","type-page","status-publish","hentry"],"_links":{"self":[{"href":"https:\/\/mat.ub.edu\/computer\/wp-json\/wp\/v2\/pages\/11","targetHints":{"allow":["GET"]}}],"collection":[{"href":"https:\/\/mat.ub.edu\/computer\/wp-json\/wp\/v2\/pages"}],"about":[{"href":"https:\/\/mat.ub.edu\/computer\/wp-json\/wp\/v2\/types\/page"}],"author":[{"embeddable":true,"href":"https:\/\/mat.ub.edu\/computer\/wp-json\/wp\/v2\/users\/3"}],"replies":[{"embeddable":true,"href":"https:\/\/mat.ub.edu\/computer\/wp-json\/wp\/v2\/comments?post=11"}],"version-history":[{"count":14,"href":"https:\/\/mat.ub.edu\/computer\/wp-json\/wp\/v2\/pages\/11\/revisions"}],"predecessor-version":[{"id":37,"href":"https:\/\/mat.ub.edu\/computer\/wp-json\/wp\/v2\/pages\/11\/revisions\/37"}],"wp:attachment":[{"href":"https:\/\/mat.ub.edu\/computer\/wp-json\/wp\/v2\/media?parent=11"}],"curies":[{"name":"wp","href":"https:\/\/api.w.org\/{rel}","templated":true}]}}