{"id":111,"date":"2017-07-13T09:13:04","date_gmt":"2017-07-13T09:13:04","guid":{"rendered":"https:\/\/mat.ub.edu\/degreemaths\/?page_id=111"},"modified":"2017-07-13T09:13:21","modified_gmt":"2017-07-13T09:13:21","slug":"jornada-introductoria","status":"publish","type":"page","link":"https:\/\/mat.ub.edu\/degreemaths\/jornada-introductoria\/","title":{"rendered":"Introductory day"},"content":{"rendered":"<div class=\"wpb-content-wrapper\"><p>[vc_row][vc_column][vc_column_text]<\/p>\n<p style=\"text-align: center;\"><em>El dia 7 de setembre de 2017 comencen les classes de primer de grau. Aquest primer dia explicarem el funcionament de la Facultat, com tenir acc\u00e9s als laboratoris, com funcionaran les classes, etc. \u00c9s important que vinguis!<\/em><\/p>\n<p>[\/vc_column_text][vc_column_text]<\/p>\n<table>\n<tbody>\n<tr>\n<td style=\"background-color: #c4c4c4; text-align: center;\" colspan=\"5\">\n<h2>Dijous, 7 de Setembre 2017<\/h2>\n<\/td>\n<\/tr>\n<tr style=\"background-color: #d6d6d6;\">\n<td><\/td>\n<td style=\"background-color: #e6e6e6; text-align: center;\"><strong>Mates-F\u00edsica<\/strong><\/td>\n<td style=\"text-align: center;\"><strong>Matem\u00e0tiques<\/strong><\/td>\n<td style=\"text-align: center;\"><strong>Mates-ADE<\/strong><\/td>\n<td style=\"text-align: center;\"><strong>Aules<\/strong><\/td>\n<\/tr>\n<tr>\n<td style=\"text-align: center;\"><strong>9:00-9:14<\/strong><\/td>\n<td style=\"text-align: center;\" colspan=\"3\">Recepci\u00f3 i informaci\u00f3 de la Facultat (Dra Carmen Cascante)<\/td>\n<td style=\"background-color: #b0e2ff; text-align: center;\" rowspan=\"4\"><strong>B3<\/strong><\/td>\n<\/tr>\n<tr>\n<td style=\"text-align: center;\"><strong>9:15-9:45<\/strong><\/td>\n<td style=\"text-align: center;\" colspan=\"3\">Informaci\u00f3 Matem\u00e0tiques(Dr. Jordi Pau &#8211; Dr. Josep Vives) + Mobilitat (Dra. Anna Puig)<\/td>\n<\/tr>\n<tr>\n<td style=\"text-align: center;\"><strong>9:45-10:15<\/strong><\/td>\n<td style=\"text-align: center;\" colspan=\"3\">H\u00e0bits d&#8217;estudis + presentaci\u00f3 dels tutors(Dr Antoni Benseny)<\/td>\n<\/tr>\n<tr>\n<td style=\"text-align: center;\"><strong>10:15-10:45<\/strong><\/td>\n<td style=\"text-align: center;\" colspan=\"3\">Espai pels estudiants representants, dimensi\u00f3 LILA<\/td>\n<\/tr>\n<tr>\n<td style=\"background-color: #fffbb0; text-align: center;\"><strong>10:45-11:00<\/strong><\/td>\n<td style=\"background-color: #fffbb0; text-align: center;\" colspan=\"3\"><strong>Pausa<\/strong><\/td>\n<td style=\"background-color: #fffbb0;\"><strong>\u00a0<\/strong><\/td>\n<\/tr>\n<tr>\n<td style=\"text-align: center;\"><strong>11:00-11:45<\/strong><\/td>\n<td style=\"text-align: center;\" colspan=\"3\">Eines digitals i acc\u00e9s bibliogr\u00e0fic<\/td>\n<td style=\"background-color: #b0e2ff; text-align: center;\"><strong>B3<\/strong><\/td>\n<\/tr>\n<tr>\n<td style=\"text-align: center;\"><strong>11:30-12:00<\/strong><\/td>\n<td style=\"text-align: center;\" colspan=\"3\">Informaci\u00f3 EIM-Serveis Ling\u00fc\u00edstics<\/td>\n<td style=\"background-color: #b0e2ff; text-align: center;\"><strong>Aules de Laboratori: IA, IB, ID, IG, IF<\/strong><\/td>\n<\/tr>\n<tr>\n<td style=\"text-align: center;\"><strong>12:05-14:00<\/strong><\/td>\n<td style=\"text-align: center;\" colspan=\"3\">Sessi\u00f3 de laboratori (tutors)<\/td>\n<td style=\"background-color: #b0e2ff; text-align: center;\"><strong>Aules de Laboratori: IA, IB, ID, IG, IF<\/strong><\/td>\n<\/tr>\n<\/tbody>\n<\/table>\n<p>[\/vc_column_text][\/vc_column][\/vc_row]<\/p>\n<\/div>","protected":false},"excerpt":{"rendered":"<p>[vc_row][vc_column][vc_column_text] El dia 7 de setembre de 2017 comencen les classes de primer de grau. Aquest primer dia explicarem el funcionament de la Facultat, com tenir acc\u00e9s als laboratoris, com funcionaran les classes, etc. \u00c9s important que vinguis! [\/vc_column_text][vc_column_text] Dijous, 7 de Setembre 2017 Mates-F\u00edsica Matem\u00e0tiques Mates-ADE Aules 9:00-9:14 Recepci\u00f3 i informaci\u00f3 de la Facultat [&hellip;]<\/p>\n","protected":false},"author":1,"featured_media":0,"parent":0,"menu_order":0,"comment_status":"closed","ping_status":"closed","template":"","meta":{"footnotes":""},"class_list":["post-111","page","type-page","status-publish","hentry"],"_links":{"self":[{"href":"https:\/\/mat.ub.edu\/degreemaths\/wp-json\/wp\/v2\/pages\/111","targetHints":{"allow":["GET"]}}],"collection":[{"href":"https:\/\/mat.ub.edu\/degreemaths\/wp-json\/wp\/v2\/pages"}],"about":[{"href":"https:\/\/mat.ub.edu\/degreemaths\/wp-json\/wp\/v2\/types\/page"}],"author":[{"embeddable":true,"href":"https:\/\/mat.ub.edu\/degreemaths\/wp-json\/wp\/v2\/users\/1"}],"replies":[{"embeddable":true,"href":"https:\/\/mat.ub.edu\/degreemaths\/wp-json\/wp\/v2\/comments?post=111"}],"version-history":[{"count":2,"href":"https:\/\/mat.ub.edu\/degreemaths\/wp-json\/wp\/v2\/pages\/111\/revisions"}],"predecessor-version":[{"id":113,"href":"https:\/\/mat.ub.edu\/degreemaths\/wp-json\/wp\/v2\/pages\/111\/revisions\/113"}],"wp:attachment":[{"href":"https:\/\/mat.ub.edu\/degreemaths\/wp-json\/wp\/v2\/media?parent=111"}],"curies":[{"name":"wp","href":"https:\/\/api.w.org\/{rel}","templated":true}]}}