{"id":604,"date":"2018-05-11T12:02:30","date_gmt":"2018-05-11T12:02:30","guid":{"rendered":"http:\/\/www.ub.edu\/dept_matinfo\/?page_id=604"},"modified":"2018-05-11T12:02:30","modified_gmt":"2018-05-11T12:02:30","slug":"professorat","status":"publish","type":"page","link":"https:\/\/mat.ub.edu\/departament\/equip\/professorat\/","title":{"rendered":"Professorat"},"content":{"rendered":"<p>Aquesta p\u00e0gina de professorat es controla totalment mitjan\u00e7ant codi. Aquest camp no es veur\u00e0 a la web.<\/p>\n","protected":false},"excerpt":{"rendered":"<p>Aquesta p\u00e0gina de professorat es controla totalment mitjan\u00e7ant codi. Aquest camp no es veur\u00e0 a la web.<\/p>\n","protected":false},"author":3,"featured_media":0,"parent":83,"menu_order":0,"comment_status":"closed","ping_status":"closed","template":"professorat.php","meta":{"footnotes":""},"class_list":["post-604","page","type-page","status-publish","hentry"],"_links":{"self":[{"href":"https:\/\/mat.ub.edu\/departament\/wp-json\/wp\/v2\/pages\/604","targetHints":{"allow":["GET"]}}],"collection":[{"href":"https:\/\/mat.ub.edu\/departament\/wp-json\/wp\/v2\/pages"}],"about":[{"href":"https:\/\/mat.ub.edu\/departament\/wp-json\/wp\/v2\/types\/page"}],"author":[{"embeddable":true,"href":"https:\/\/mat.ub.edu\/departament\/wp-json\/wp\/v2\/users\/3"}],"replies":[{"embeddable":true,"href":"https:\/\/mat.ub.edu\/departament\/wp-json\/wp\/v2\/comments?post=604"}],"version-history":[{"count":0,"href":"https:\/\/mat.ub.edu\/departament\/wp-json\/wp\/v2\/pages\/604\/revisions"}],"up":[{"embeddable":true,"href":"https:\/\/mat.ub.edu\/departament\/wp-json\/wp\/v2\/pages\/83"}],"wp:attachment":[{"href":"https:\/\/mat.ub.edu\/departament\/wp-json\/wp\/v2\/media?parent=604"}],"curies":[{"name":"wp","href":"https:\/\/api.w.org\/{rel}","templated":true}]}}