{"id":10,"date":"2017-06-08T09:22:26","date_gmt":"2017-06-08T09:22:26","guid":{"rendered":"https:\/\/mat.ub.edu\/gradomatesinfo\/?page_id=10"},"modified":"2025-07-30T11:03:50","modified_gmt":"2025-07-30T11:03:50","slug":"assignatures","status":"publish","type":"page","link":"https:\/\/mat.ub.edu\/gradomatesinfo\/assignatures\/","title":{"rendered":"Asignaturas y horarios"},"content":{"rendered":"<div class=\"wpb-content-wrapper\"><p>[vc_row][\/vc_row][vc_row_inner][vc_column_inner width=\u00bb1\/2&#8243;][vc_column_text css=\u00bb\u00bb]<\/p>\n<p style=\"text-align: center;\"><strong>Informaci\u00f3n de las asignaturas<\/strong><\/p>\n<p style=\"text-align: center;\">Matr\u00edcula de pr\u00e1cticas\u00a0 Grado\u00a0 Matem\u00e0ticas curso 2025-2026 (m\u00e1s informaci\u00f3n <a href=\"https:\/\/mat.ub.edu\/wp-content\/uploads\/2024\/07\/Grups-a-matricular-alumnes-nou-acces.docx\">AQU\u00cd<\/a>)<\/p>\n<p style=\"text-align: center;\">Matr\u00edcula de pr\u00e1cticas\u00a0 Grado Matem\u00e1ticas FEBRERO 2024 (m\u00e1s informaci\u00f3n <a href=\"https:\/\/mat.ub.edu\/wp-content\/uploads\/2023\/02\/Grups-a-matricular-alumnes-nou-acces-febrer-2023.pdf\">AQU\u00cd)<\/a><\/p>\n<p style=\"text-align: center;\"><a href=\"https:\/\/mat.ub.edu\/wp-content\/uploads\/2021\/07\/EI_agrupacions_assignatures.pdf\"><strong>Relaci\u00f3n entre grupos de pr\u00e1cticas\u00a0 EIngenier\u00eda Inform\u00e1tica<\/strong><\/a><\/p>\n<p>[\/vc_column_text][vc_btn title=\u00bbCurso 2025-26&#8243; style=\u00bbflat\u00bb color=\u00bbsky\u00bb align=\u00bbcenter\u00bb i_icon_fontawesome=\u00bb\u00bb css=\u00bb\u00bb add_icon=\u00bbtrue\u00bb link=\u00bburl:http%3A%2F%2Fwww.ub.edu%2Fgrad%2Finfes%2FfitxaInfe.jsp%3Fn0%3DL%26n1%3D0%26n2%3D1%26curs%3D2025%26ens%3DTG1104|target:_blank\u00bb][\/vc_column_inner][vc_column_inner width=\u00bb1\/2&#8243; css=\u00bb.vc_custom_1499081043755{border-right-width: 1px !important;border-left-width: 1px !important;border-left-color: #cccccc !important;border-left-style: solid !important;border-right-color: #cccccc !important;border-right-style: solid !important;border-radius: 1px !important;}\u00bb][vc_column_text]<\/p>\n<p style=\"text-align: center\"><strong>Asignaturas por menci\u00f3n<\/strong><\/p>\n<p>[\/vc_column_text][vc_btn title=\u00bbCurso 2025-26&#8243; style=\u00bbflat\u00bb color=\u00bbsky\u00bb align=\u00bbcenter\u00bb i_icon_fontawesome=\u00bb\u00bb css=\u00bb\u00bb add_icon=\u00bbtrue\u00bb link=\u00bburl:http%3A%2F%2Fwww.ub.edu%2Fgrad%2Finfes%2FfitxaInfe.jsp%3Fn0%3DN%26n1%3D0%26n2%3D0%26curs%3D2025%26ens%3DTG1104%26idioma%3Dcas|target:_blank\u00bb][\/vc_column_inner][\/vc_row_inner][vc_row_inner][vc_column_inner width=\u00bb1\/2&#8243; css=\u00bb.vc_custom_1499081006093{border-right-width: 1px !important;border-right-color: #cccccc !important;border-right-style: solid !important;border-radius: 1px !important;}\u00bb][vc_column_text]<\/p>\n<p style=\"text-align: center\"><b>Calendario de ex\u00e1menes<\/b><\/p>\n<p>[\/vc_column_text][vc_btn title=\u00bbCurso 2025-26&#8243; style=\u00bbflat\u00bb color=\u00bbsky\u00bb align=\u00bbcenter\u00bb i_icon_fontawesome=\u00bb\u00bb css=\u00bb\u00bb add_icon=\u00bbtrue\u00bb link=\u00bburl:http%3A%2F%2Fwww.ub.edu%2Fgrad%2Finfes%2FfitxaInfe.jsp%3Fn0%3D3%26n1%3D0%26n2%3D0%26curs%3D2025%26ens%3DTG1104|target:_blank\u00bb][\/vc_column_inner][vc_column_inner width=\u00bb1\/2&#8243; css=\u00bb.vc_custom_1499081071177{border-left-width: 1px !important;border-left-color: #cccccc !important;border-left-style: solid !important;border-radius: 1px !important;}\u00bb][vc_column_text]<\/p>\n<p style=\"text-align: center\"><strong>Chronos<\/strong><\/p>\n<p style=\"text-align: center\">Ayuda para la confecci\u00f3n de horarios y de la agenda acad\u00e9mica<\/p>\n<p>[\/vc_column_text][vc_btn title=\u00bbCurso 2025-26&#8243; style=\u00bbflat\u00bb color=\u00bbsky\u00bb align=\u00bbcenter\u00bb i_icon_fontawesome=\u00bb\u00bb css=\u00bb\u00bb add_icon=\u00bbtrue\u00bb link=\u00bburl:http%3A%2F%2Fgrad.ub.edu%2Fchronos%2Fpages%2Fhoraris%2Findex2.xhtml%3Fensenyament%3DTG1104%26curs%3D2025|target:_blank\u00bb][\/vc_column_inner][\/vc_row_inner][vc_column_text]<em><strong>Nota:<\/strong><\/em><\/p>\n<ul>\n<li><em>Les informacions de grups, horaris i calendaris estan subjectes a canvis. S&#8217;han de verificar abans que comencin les classes.<\/em><\/li>\n<li style=\"text-align: justify;\"><em>Quan navegueu dins de l&#8217;aplicatiu de les assignatures, si heu de tornar enrere heu de clicar el bot\u00f3 <strong>\u00abTornar\u00bb<\/strong> situat a la part superior dreta de la pantalla.<\/em><\/li>\n<\/ul>\n<p>[\/vc_column_text][vc_btn title=\u00bbActividades con reconocimiento de cr\u00e9ditos\u00bb style=\u00bbflat\u00bb color=\u00bbsky\u00bb align=\u00bbcenter\u00bb i_icon_fontawesome=\u00bbfas fa-check\u00bb add_icon=\u00bbtrue\u00bb link=\u00bburl:http%3A%2F%2Fmat.ub.edu%2Fmatapps%2Fact-credits%2Factivitats%2F\u00bb][vc_row_inner disable_element=\u00bbyes\u00bb][\/vc_row_inner][vc_column_inner width=\u00bb1\/2&#8243;][\/vc_column_inner][vc_column_text][\/vc_column_text]<\/p>\n<\/div>","protected":false},"excerpt":{"rendered":"<p>[vc_row][\/vc_row][vc_row_inner][vc_column_inner width=\u00bb1\/2&#8243;][vc_column_text css=\u00bb\u00bb] Informaci\u00f3n de las asignaturas Matr\u00edcula de pr\u00e1cticas\u00a0 Grado\u00a0 Matem\u00e0ticas curso 2025-2026 (m\u00e1s informaci\u00f3n AQU\u00cd) Matr\u00edcula de pr\u00e1cticas\u00a0 Grado Matem\u00e1ticas FEBRERO 2024 (m\u00e1s informaci\u00f3n AQU\u00cd) Relaci\u00f3n entre grupos de pr\u00e1cticas\u00a0 EIngenier\u00eda Inform\u00e1tica [\/vc_column_text][vc_btn title=\u00bbCurso 2025-26&#8243; style=\u00bbflat\u00bb color=\u00bbsky\u00bb align=\u00bbcenter\u00bb i_icon_fontawesome=\u00bb\u00bb css=\u00bb\u00bb add_icon=\u00bbtrue\u00bb link=\u00bburl:http%3A%2F%2Fwww.ub.edu%2Fgrad%2Finfes%2FfitxaInfe.jsp%3Fn0%3DL%26n1%3D0%26n2%3D1%26curs%3D2025%26ens%3DTG1104|target:_blank\u00bb][\/vc_column_inner][vc_column_inner width=\u00bb1\/2&#8243; css=\u00bb.vc_custom_1499081043755{border-right-width: 1px !important;border-left-width: 1px !important;border-left-color: #cccccc !important;border-left-style: solid !important;border-right-color: #cccccc [&hellip;]<\/p>\n","protected":false},"author":1,"featured_media":0,"parent":0,"menu_order":0,"comment_status":"closed","ping_status":"closed","template":"","meta":{"footnotes":""},"class_list":["post-10","page","type-page","status-publish","hentry"],"_links":{"self":[{"href":"https:\/\/mat.ub.edu\/gradomatesinfo\/wp-json\/wp\/v2\/pages\/10","targetHints":{"allow":["GET"]}}],"collection":[{"href":"https:\/\/mat.ub.edu\/gradomatesinfo\/wp-json\/wp\/v2\/pages"}],"about":[{"href":"https:\/\/mat.ub.edu\/gradomatesinfo\/wp-json\/wp\/v2\/types\/page"}],"author":[{"embeddable":true,"href":"https:\/\/mat.ub.edu\/gradomatesinfo\/wp-json\/wp\/v2\/users\/1"}],"replies":[{"embeddable":true,"href":"https:\/\/mat.ub.edu\/gradomatesinfo\/wp-json\/wp\/v2\/comments?post=10"}],"version-history":[{"count":34,"href":"https:\/\/mat.ub.edu\/gradomatesinfo\/wp-json\/wp\/v2\/pages\/10\/revisions"}],"predecessor-version":[{"id":138,"href":"https:\/\/mat.ub.edu\/gradomatesinfo\/wp-json\/wp\/v2\/pages\/10\/revisions\/138"}],"wp:attachment":[{"href":"https:\/\/mat.ub.edu\/gradomatesinfo\/wp-json\/wp\/v2\/media?parent=10"}],"curies":[{"name":"wp","href":"https:\/\/api.w.org\/{rel}","templated":true}]}}

<div class="wpb-content-wrapper"><p>[vc_row][/vc_row][vc_row_inner][vc_column_inner width=»1/2&#8243;][vc_column_text css=»»]</p>
<p style="text-align: center;"><strong>Información de las asignaturas</strong></p>
<p style="text-align: center;">Matrícula de prácticas  Grado  Matemàticas curso 2025-2026 (más información <a href="https://mat.ub.edu/wp-content/uploads/2024/07/Grups-a-matricular-alumnes-nou-acces.docx">AQUÍ</a>)</p>
<p style="text-align: center;">Matrícula de prácticas  Grado Matemáticas FEBRERO 2024 (más información <a href="https://mat.ub.edu/wp-content/uploads/2023/02/Grups-a-matricular-alumnes-nou-acces-febrer-2023.pdf">AQUÍ)</a></p>
<p style="text-align: center;"><a href="https://mat.ub.edu/wp-content/uploads/2021/07/EI_agrupacions_assignatures.pdf"><strong>Relación entre grupos de prácticas  EIngeniería Informática</strong></a></p>
<p>[/vc_column_text][vc_btn title=»Curso 2025-26&#8243; style=»flat» color=»sky» align=»center» i_icon_fontawesome=»» css=»» add_icon=»true» link=»url:http%3A%2F%2Fwww.ub.edu%2Fgrad%2Finfes%2FfitxaInfe.jsp%3Fn0%3DL%26n1%3D0%26n2%3D1%26curs%3D2025%26ens%3DTG1104|target:_blank»][/vc_column_inner][vc_column_inner width=»1/2&#8243; css=».vc_custom_1499081043755{border-right-width: 1px !important;border-left-width: 1px !important;border-left-color: #cccccc !important;border-left-style: solid !important;border-right-color: #cccccc !important;border-right-style: solid !important;border-radius: 1px !important;}»][vc_column_text]</p>
<p style="text-align: center"><strong>Asignaturas por mención</strong></p>
<p>[/vc_column_text][vc_btn title=»Curso 2025-26&#8243; style=»flat» color=»sky» align=»center» i_icon_fontawesome=»» css=»» add_icon=»true» link=»url:http%3A%2F%2Fwww.ub.edu%2Fgrad%2Finfes%2FfitxaInfe.jsp%3Fn0%3DN%26n1%3D0%26n2%3D0%26curs%3D2025%26ens%3DTG1104%26idioma%3Dcas|target:_blank»][/vc_column_inner][/vc_row_inner][vc_row_inner][vc_column_inner width=»1/2&#8243; css=».vc_custom_1499081006093{border-right-width: 1px !important;border-right-color: #cccccc !important;border-right-style: solid !important;border-radius: 1px !important;}»][vc_column_text]</p>
<p style="text-align: center"><b>Calendario de exámenes</b></p>
<p>[/vc_column_text][vc_btn title=»Curso 2025-26&#8243; style=»flat» color=»sky» align=»center» i_icon_fontawesome=»» css=»» add_icon=»true» link=»url:http%3A%2F%2Fwww.ub.edu%2Fgrad%2Finfes%2FfitxaInfe.jsp%3Fn0%3D3%26n1%3D0%26n2%3D0%26curs%3D2025%26ens%3DTG1104|target:_blank»][/vc_column_inner][vc_column_inner width=»1/2&#8243; css=».vc_custom_1499081071177{border-left-width: 1px !important;border-left-color: #cccccc !important;border-left-style: solid !important;border-radius: 1px !important;}»][vc_column_text]</p>
<p style="text-align: center"><strong>Chronos</strong></p>
<p style="text-align: center">Ayuda para la confección de horarios y de la agenda académica</p>
<p>[/vc_column_text][vc_btn title=»Curso 2025-26&#8243; style=»flat» color=»sky» align=»center» i_icon_fontawesome=»» css=»» add_icon=»true» link=»url:http%3A%2F%2Fgrad.ub.edu%2Fchronos%2Fpages%2Fhoraris%2Findex2.xhtml%3Fensenyament%3DTG1104%26curs%3D2025|target:_blank»][/vc_column_inner][/vc_row_inner][vc_column_text]<em><strong>Nota:</strong></em></p>
<ul>
<li><em>Les informacions de grups, horaris i calendaris estan subjectes a canvis. S&#8217;han de verificar abans que comencin les classes.</em></li>
<li style="text-align: justify;"><em>Quan navegueu dins de l&#8217;aplicatiu de les assignatures, si heu de tornar enrere heu de clicar el botó <strong>«Tornar»</strong> situat a la part superior dreta de la pantalla.</em></li>
</ul>
<p>[/vc_column_text][vc_btn title=»Actividades con reconocimiento de créditos» style=»flat» color=»sky» align=»center» i_icon_fontawesome=»fas fa-check» add_icon=»true» link=»url:http%3A%2F%2Fmat.ub.edu%2Fmatapps%2Fact-credits%2Factivitats%2F»][vc_row_inner disable_element=»yes»][/vc_row_inner][vc_column_inner width=»1/2&#8243;][/vc_column_inner][vc_column_text][/vc_column_text]</p>
</div>

<p>[vc_row][/vc_row][vc_row_inner][vc_column_inner width=»1/2&#8243;][vc_column_text css=»»] Información de las asignaturas Matrícula de prácticas  Grado  Matemàticas curso 2025-2026 (más información AQUÍ) Matrícula de prácticas  Grado Matemáticas FEBRERO 2024 (más información AQUÍ) Relación entre grupos de prácticas  EIngeniería Informática [/vc_column_text][vc_btn title=»Curso 2025-26&#8243; style=»flat» color=»sky» align=»center» i_icon_fontawesome=»» css=»» add_icon=»true» link=»url:http%3A%2F%2Fwww.ub.edu%2Fgrad%2Finfes%2FfitxaInfe.jsp%3Fn0%3DL%26n1%3D0%26n2%3D1%26curs%3D2025%26ens%3DTG1104|target:_blank»][/vc_column_inner][vc_column_inner width=»1/2&#8243; css=».vc_custom_1499081043755{border-right-width: 1px !important;border-left-width: 1px !important;border-left-color: #cccccc !important;border-left-style: solid !important;border-right-color: #cccccc [&hellip;]</p>
