{"id":20,"date":"2016-11-28T12:23:35","date_gmt":"2016-11-28T12:23:35","guid":{"rendered":"http:\/\/mat.ub.edu\/grauinfcat\/?page_id=20"},"modified":"2024-07-26T17:11:30","modified_gmt":"2024-07-26T17:11:30","slug":"calendari","status":"publish","type":"page","link":"https:\/\/mat.ub.edu\/grauinformatica\/treballs-finals-de-grau\/calendari\/","title":{"rendered":"Calendari TFG"},"content":{"rendered":"<p><strong>El calendari per al semestre de tardor \u00e9s el seg\u00fcent:<\/strong><\/p>\n<p>Data l\u00edmit per omplir el <a href=\"https:\/\/forms.office.com\/r\/iCKqsCxcGH\">formulari<\/a> amb la informaci\u00f3 definitiva: <strong>9 de gener<\/strong><\/p>\n<p>Data m\u00e0xima per al dip\u00f2sit del TFG: <strong>15 de gener (midjanit)<\/strong>.<\/p>\n<p>Dies de defensa del TFG: <strong>del 30 al 7 de febrer<\/strong>.<\/p>\n<p><strong>El calendari per al semestre de primavera \u00e9s el seg\u00fcent:<\/strong><\/p>\n<p>Data l\u00edmit per omplir el <a href=\"https:\/\/forms.office.com\/r\/iCKqsCxcGH\">formulari<\/a> amb la informaci\u00f3 definitiva: 3<strong> de juny<br \/>\n<\/strong><\/p>\n<p>Data m\u00e0xima per al dip\u00f2sit del TFG: <strong>10 de juny (midjanit)<\/strong>.<\/p>\n<p>Dies de defensa del TFG: <strong>del 25 de juny al 4 de juliol<\/strong>.<\/p>\n<p style=\"text-align: justify\"><strong>Autoritzaci\u00f3<\/strong><\/p>\n<p style=\"text-align: justify\">Perqu\u00e8 es pugui publicar el TFG al <a href=\"http:\/\/diposit.ub.edu\/dspace\/handle\/2445\/34465\">dip\u00f2sit digital de la UB<\/a>, caldr\u00e0 que l&#8217;estudiant entregui en el campus virtual la llic\u00e8ncia <strong>signada per l&#8217;estudiant<\/strong> amb la qual es publicar\u00e0 la mem\u00f2ria (i el codi font) .<\/p>\n<ul style=\"text-align: justify\">\n<li>Fitxer d&#8217;autoritzaci\u00f3 en format PDF, <a href=\"https:\/\/mat.ub.edu\/grauinformatica\/wp-content\/uploads\/sites\/4\/2020\/06\/cessio_drets_EI.pdf\">aqu\u00ed<\/a>. No oblideu signar el document!<\/li>\n<li>En cas que calgui signar una llic\u00e8ncia amb condicions diferents (per exemple, aquells que realitzeu el TFG amb publicaci\u00f3 a revista) contacteu amb el coordinador de TFG perqu\u00e8 us pugui oferir altres tipus de llic\u00e8ncia a signar.<\/li>\n<\/ul>\n","protected":false},"excerpt":{"rendered":"<p>El calendari per al semestre de tardor \u00e9s el seg\u00fcent: Data l\u00edmit per omplir el formulari amb la informaci\u00f3 definitiva: 9 de gener Data m\u00e0xima per al dip\u00f2sit del TFG: 15 de gener (midjanit). Dies de defensa del TFG: del 30 al 7 de febrer. El calendari per al semestre de primavera \u00e9s el seg\u00fcent: [&hellip;]<\/p>\n","protected":false},"author":35,"featured_media":0,"parent":67,"menu_order":0,"comment_status":"closed","ping_status":"closed","template":"","meta":{"footnotes":""},"class_list":["post-20","page","type-page","status-publish","hentry"],"_links":{"self":[{"href":"https:\/\/mat.ub.edu\/grauinformatica\/wp-json\/wp\/v2\/pages\/20","targetHints":{"allow":["GET"]}}],"collection":[{"href":"https:\/\/mat.ub.edu\/grauinformatica\/wp-json\/wp\/v2\/pages"}],"about":[{"href":"https:\/\/mat.ub.edu\/grauinformatica\/wp-json\/wp\/v2\/types\/page"}],"author":[{"embeddable":true,"href":"https:\/\/mat.ub.edu\/grauinformatica\/wp-json\/wp\/v2\/users\/35"}],"replies":[{"embeddable":true,"href":"https:\/\/mat.ub.edu\/grauinformatica\/wp-json\/wp\/v2\/comments?post=20"}],"version-history":[{"count":42,"href":"https:\/\/mat.ub.edu\/grauinformatica\/wp-json\/wp\/v2\/pages\/20\/revisions"}],"predecessor-version":[{"id":953,"href":"https:\/\/mat.ub.edu\/grauinformatica\/wp-json\/wp\/v2\/pages\/20\/revisions\/953"}],"up":[{"embeddable":true,"href":"https:\/\/mat.ub.edu\/grauinformatica\/wp-json\/wp\/v2\/pages\/67"}],"wp:attachment":[{"href":"https:\/\/mat.ub.edu\/grauinformatica\/wp-json\/wp\/v2\/media?parent=20"}],"curies":[{"name":"wp","href":"https:\/\/api.w.org\/{rel}","templated":true}]}}