{"id":49,"date":"2017-04-05T13:46:38","date_gmt":"2017-04-05T13:46:38","guid":{"rendered":"https:\/\/mat.ub.edu\/grauinformatica\/?page_id=49"},"modified":"2024-01-16T10:15:54","modified_gmt":"2024-01-16T10:15:54","slug":"sollicitud","status":"publish","type":"page","link":"https:\/\/mat.ub.edu\/grauinformatica\/treballs-finals-de-grau\/sollicitud\/","title":{"rendered":"Sol\u00b7licitud"},"content":{"rendered":"<p style=\"text-align: justify\">Hi ha dues modalitats per realitzar el TFG:<\/p>\n<ul style=\"text-align: justify\">\n<li>La m\u00e9s habitual \u00e9s aquella en qu\u00e8 un\/a professor\/a de la Facultat de Matem\u00e0tiques i Inform\u00e0tica, el\/la tutor\/a, fa de guia i dona coneixements per portar endavant el treball de l&#8217;estudiant. El\/La tutor\/a formar\u00e0 part del tribunal que avaluar\u00e0 el treball de l&#8217;estudiant.<\/li>\n<li>L&#8217;altre opci\u00f3 (no recomanada) \u00e9s que un alumne es posi en contacte amb un professor i, d&#8217;acord amb el professor, es defineixi un nou tema de TFG. Es desaconsella aquesta opci\u00f3 perqu\u00e8 els professors tenen una c\u00e0rrega m\u00e0xima de TFG, i en la majoria de casos ja estan compromesos amb alumnes que han acceptat les seves propostes.<\/li>\n<\/ul>\n<p>No es permet realitzar un TFG a l&#8217;empresa. La col\u00b7laboraci\u00f3 amb una empresa nom\u00e9s \u00e9s possible com a pr\u00e0ctica a l&#8217;empresa. No obstant aix\u00f2, \u00e9s possible que algun professor, en la seva proposta de TFG, faci servir dades de l&#8217;empresa (o tingui una col\u00b7laboraci\u00f3 amb una empresa). Aquesta opci\u00f3 ha de ser aprovada pel coordinador de TFG i el coordinador de pr\u00e0ctiques a l&#8217;empresa. En aquests casos, el codi ser\u00e0 sempre p\u00fablic i la propietat intel\u00b7lectual quedar\u00e0 a la UB.<\/p>\n","protected":false},"excerpt":{"rendered":"<p>Hi ha dues modalitats per realitzar el TFG: La m\u00e9s habitual \u00e9s aquella en qu\u00e8 un\/a professor\/a de la Facultat de Matem\u00e0tiques i Inform\u00e0tica, el\/la tutor\/a, fa de guia i dona coneixements per portar endavant el treball de l&#8217;estudiant. El\/La tutor\/a formar\u00e0 part del tribunal que avaluar\u00e0 el treball de l&#8217;estudiant. L&#8217;altre opci\u00f3 (no recomanada) [&hellip;]<\/p>\n","protected":false},"author":35,"featured_media":0,"parent":67,"menu_order":0,"comment_status":"closed","ping_status":"closed","template":"","meta":{"footnotes":""},"class_list":["post-49","page","type-page","status-publish","hentry"],"_links":{"self":[{"href":"https:\/\/mat.ub.edu\/grauinformatica\/wp-json\/wp\/v2\/pages\/49","targetHints":{"allow":["GET"]}}],"collection":[{"href":"https:\/\/mat.ub.edu\/grauinformatica\/wp-json\/wp\/v2\/pages"}],"about":[{"href":"https:\/\/mat.ub.edu\/grauinformatica\/wp-json\/wp\/v2\/types\/page"}],"author":[{"embeddable":true,"href":"https:\/\/mat.ub.edu\/grauinformatica\/wp-json\/wp\/v2\/users\/35"}],"replies":[{"embeddable":true,"href":"https:\/\/mat.ub.edu\/grauinformatica\/wp-json\/wp\/v2\/comments?post=49"}],"version-history":[{"count":17,"href":"https:\/\/mat.ub.edu\/grauinformatica\/wp-json\/wp\/v2\/pages\/49\/revisions"}],"predecessor-version":[{"id":916,"href":"https:\/\/mat.ub.edu\/grauinformatica\/wp-json\/wp\/v2\/pages\/49\/revisions\/916"}],"up":[{"embeddable":true,"href":"https:\/\/mat.ub.edu\/grauinformatica\/wp-json\/wp\/v2\/pages\/67"}],"wp:attachment":[{"href":"https:\/\/mat.ub.edu\/grauinformatica\/wp-json\/wp\/v2\/media?parent=49"}],"curies":[{"name":"wp","href":"https:\/\/api.w.org\/{rel}","templated":true}]}}