{"id":14,"date":"2017-06-09T10:25:41","date_gmt":"2017-06-09T10:25:41","guid":{"rendered":"https:\/\/mat.ub.edu\/graumatesade\/?page_id=14"},"modified":"2025-07-30T11:06:16","modified_gmt":"2025-07-30T11:06:16","slug":"assignatures","status":"publish","type":"page","link":"https:\/\/mat.ub.edu\/graumatesade\/assignatures\/","title":{"rendered":"Assignatures"},"content":{"rendered":"<div class=\"wpb-content-wrapper\"><p>[vc_row][vc_column][vc_column][\/vc_column][\/vc_column][vc_row_inner][vc_column_inner width=&#8221;1\/2&#8243; css=&#8221;.vc_custom_1499081006093{border-right-width: 1px !important;border-right-color: #cccccc !important;border-right-style: solid !important;border-radius: 1px !important;}&#8221;][vc_column_text css=&#8221;&#8221;]<\/p>\n<p style=\"text-align: center;\"><strong>Informaci\u00f3 de les assignatures<\/strong><\/p>\n<p style=\"text-align: center;\">Matr\u00edcula de pr\u00e0ctiques\u00a0 curs 25-26 (m\u00e9s informaci\u00f3 <a href=\"https:\/\/mat.ub.edu\/wp-content\/uploads\/2024\/07\/Grups-a-matricular-alumnes-nou-acces.docx\">AQU\u00cd<\/a>)<\/p>\n<p style=\"text-align: center;\">Matr\u00edcula de pr\u00e0ctiques FEBRER 2024 (m\u00e9s informaci\u00f3 <a href=\"https:\/\/mat.ub.edu\/wp-content\/uploads\/2023\/02\/Grups-a-matricular-alumnes-nou-acces-febrer-2023.pdf\">AQU\u00cd<\/a>)<\/p>\n<p>[\/vc_column_text][vc_btn title=&#8221;Curs 2025 \/ 2026&#8243; style=&#8221;flat&#8221; color=&#8221;sky&#8221; align=&#8221;center&#8221; i_icon_fontawesome=&#8221;&#8221; css=&#8221;&#8221; add_icon=&#8221;true&#8221; link=&#8221;url:http%3A%2F%2Fwww.ub.edu%2Fgrad%2Finfes%2FfitxaInfe.jsp%3Fn0%3DL%26n1%3D0%26n2%3D1%26curs%3D2025%26ens%3DTG1103|target:_blank&#8221;][\/vc_column_inner][vc_column_inner width=&#8221;1\/2&#8243; css=&#8221;.vc_custom_1499081043755{border-right-width: 1px !important;border-left-width: 1px !important;border-left-color: #cccccc !important;border-left-style: solid !important;border-right-color: #cccccc !important;border-right-style: solid !important;border-radius: 1px !important;}&#8221;][vc_column_text]<\/p>\n<p style=\"text-align: center;\"><b>Assignatures per menci\u00f3<\/b><\/p>\n<p>[\/vc_column_text][vc_btn title=&#8221;Curs 2025 \/ 2026&#8243; style=&#8221;flat&#8221; color=&#8221;sky&#8221; align=&#8221;center&#8221; i_icon_fontawesome=&#8221;&#8221; css=&#8221;&#8221; add_icon=&#8221;true&#8221; link=&#8221;url:http%3A%2F%2Fwww.ub.edu%2Fgrad%2Finfes%2FfitxaInfe.jsp%3Fn0%3DN%26n1%3D0%26n2%3D0%26curs%3D2025%26ens%3DTG1103%26idioma%3Dcat|target:_blank&#8221;][vc_empty_space height=&#8221;68px&#8221;][\/vc_column_inner][\/vc_row_inner][vc_row_inner][vc_column_inner width=&#8221;1\/2&#8243; css=&#8221;.vc_custom_1499081006093{border-right-width: 1px !important;border-right-color: #cccccc !important;border-right-style: solid !important;border-radius: 1px !important;}&#8221;][vc_column_text]<\/p>\n<p style=\"text-align: center;\"><b>Calendari d\u2019ex\u00e0mens<\/b><\/p>\n<p>[\/vc_column_text][vc_btn title=&#8221;Curs 2025 \/ 2026&#8243; style=&#8221;flat&#8221; color=&#8221;sky&#8221; align=&#8221;center&#8221; i_icon_fontawesome=&#8221;&#8221; css=&#8221;&#8221; add_icon=&#8221;true&#8221; link=&#8221;url:http%3A%2F%2Fwww.ub.edu%2Fgrad%2Finfes%2FfitxaInfe.jsp%3Fn0%3D3%26n1%3D0%26n2%3D0%26curs%3D2025%26ens%3DTG1103|target:_blank&#8221;][\/vc_column_inner][vc_column_inner width=&#8221;1\/2&#8243; css=&#8221;.vc_custom_1499081071177{border-left-width: 1px !important;border-left-color: #cccccc !important;border-left-style: solid !important;border-radius: 1px !important;}&#8221;][vc_column_text]<\/p>\n<p style=\"text-align: center;\"><strong>Chronos<\/strong><\/p>\n<p style=\"text-align: center;\">Ajuda per a la confecci\u00f3 d&#8217;horaris i l&#8217;agenda acad\u00e8mica<\/p>\n<p>[\/vc_column_text][vc_btn title=&#8221;Curs 2025\/ 2026&#8243; style=&#8221;flat&#8221; color=&#8221;sky&#8221; align=&#8221;center&#8221; i_icon_fontawesome=&#8221;&#8221; css=&#8221;&#8221; add_icon=&#8221;true&#8221; link=&#8221;url:http%3A%2F%2Fgrad.ub.edu%2Fchronos%2Fpages%2Fhoraris%2Findex2.xhtml%3Fensenyament%3DTG1103%26curs%3D2025|target:_blank&#8221;][\/vc_column_inner][\/vc_row_inner][vc_column_text]<\/p>\n<p style=\"text-align: justify;\"><em><strong>\u00a0Nota:<\/strong> <\/em><\/p>\n<ul>\n<li><em>La informaci\u00f3 de grups, horaris i calendaris estan subjectes a canvis. S\u2019han de verificar abans que comencin les classes.<\/em><\/li>\n<li><em style=\"text-align: justify;\">Quan navegueu dins de l&#8217;aplicatiu de les assignatures, si heu de tornar enrere heu de clicar el bot\u00f3 <strong>&#8220;Tornar&#8221;<\/strong> situat a la part superior dreta de la pantalla.\u00a0<\/em><\/li>\n<\/ul>\n<p>[\/vc_column_text][vc_column][vc_btn title=&#8221;Activitats amb reconeixement de cr\u00e8dits&#8221; style=&#8221;flat&#8221; color=&#8221;sky&#8221; align=&#8221;center&#8221; i_icon_fontawesome=&#8221;fa fa-check&#8221; add_icon=&#8221;true&#8221; link=&#8221;url:http%3A%2F%2Fmat.ub.edu%2Fmatapps%2Fact-credits%2Factivitats%2F||target:%20_blank|&#8221;][\/vc_column][\/vc_row]<\/p>\n<\/div>","protected":false},"excerpt":{"rendered":"<p>[vc_row][vc_column][vc_column][\/vc_column][\/vc_column][vc_row_inner][vc_column_inner width=&#8221;1\/2&#8243; css=&#8221;.vc_custom_1499081006093{border-right-width: 1px !important;border-right-color: #cccccc !important;border-right-style: solid !important;border-radius: 1px !important;}&#8221;][vc_column_text css=&#8221;&#8221;] Informaci\u00f3 de les assignatures Matr\u00edcula de pr\u00e0ctiques\u00a0 curs 25-26 (m\u00e9s informaci\u00f3 AQU\u00cd) Matr\u00edcula de pr\u00e0ctiques FEBRER 2024 (m\u00e9s informaci\u00f3 AQU\u00cd) [\/vc_column_text][vc_btn title=&#8221;Curs 2025 \/ 2026&#8243; style=&#8221;flat&#8221; color=&#8221;sky&#8221; align=&#8221;center&#8221; i_icon_fontawesome=&#8221;&#8221; css=&#8221;&#8221; add_icon=&#8221;true&#8221; link=&#8221;url:http%3A%2F%2Fwww.ub.edu%2Fgrad%2Finfes%2FfitxaInfe.jsp%3Fn0%3DL%26n1%3D0%26n2%3D1%26curs%3D2025%26ens%3DTG1103|target:_blank&#8221;][\/vc_column_inner][vc_column_inner width=&#8221;1\/2&#8243; css=&#8221;.vc_custom_1499081043755{border-right-width: 1px !important;border-left-width: 1px !important;border-left-color: #cccccc !important;border-left-style: solid !important;border-right-color: #cccccc [&hellip;]<\/p>\n","protected":false},"author":1,"featured_media":0,"parent":0,"menu_order":0,"comment_status":"closed","ping_status":"closed","template":"","meta":{"footnotes":""},"class_list":["post-14","page","type-page","status-publish","hentry"],"_links":{"self":[{"href":"https:\/\/mat.ub.edu\/graumatesade\/wp-json\/wp\/v2\/pages\/14","targetHints":{"allow":["GET"]}}],"collection":[{"href":"https:\/\/mat.ub.edu\/graumatesade\/wp-json\/wp\/v2\/pages"}],"about":[{"href":"https:\/\/mat.ub.edu\/graumatesade\/wp-json\/wp\/v2\/types\/page"}],"author":[{"embeddable":true,"href":"https:\/\/mat.ub.edu\/graumatesade\/wp-json\/wp\/v2\/users\/1"}],"replies":[{"embeddable":true,"href":"https:\/\/mat.ub.edu\/graumatesade\/wp-json\/wp\/v2\/comments?post=14"}],"version-history":[{"count":47,"href":"https:\/\/mat.ub.edu\/graumatesade\/wp-json\/wp\/v2\/pages\/14\/revisions"}],"predecessor-version":[{"id":220,"href":"https:\/\/mat.ub.edu\/graumatesade\/wp-json\/wp\/v2\/pages\/14\/revisions\/220"}],"wp:attachment":[{"href":"https:\/\/mat.ub.edu\/graumatesade\/wp-json\/wp\/v2\/media?parent=14"}],"curies":[{"name":"wp","href":"https:\/\/api.w.org\/{rel}","templated":true}]}}