{"id":13,"date":"2017-06-09T09:06:01","date_gmt":"2017-06-09T09:06:01","guid":{"rendered":"https:\/\/mat.ub.edu\/graumatesfisica\/?page_id=13"},"modified":"2024-12-09T11:12:27","modified_gmt":"2024-12-09T11:12:27","slug":"credits-optatius-i-reconeixement-de-credits","status":"publish","type":"page","link":"https:\/\/mat.ub.edu\/graumatesfisica\/credits-optatius-i-reconeixement-de-credits\/","title":{"rendered":"Cr\u00e8dits optatius i Reconeixement de Cr\u00e8dits"},"content":{"rendered":"<div class=\"wpb-content-wrapper\"><p>[vc_row][vc_column width=&#8221;1\/2&#8243;][vc_column_text]<\/p>\n<p style=\"text-align: justify;\"><b>Reconeixement de cr\u00e8dits<\/b><\/p>\n<p style=\"text-align: justify;\">Hi ha assignatures dels dos ensenyaments que no cal cursar quan es fa l\u2019itinerari doble: s\u00f3n reconegudes a trav\u00e9s d\u2019unes taules d\u2019equival\u00e8ncia que s\u2019han acordat tenint en compte els continguts i les compet\u00e8ncies de les diferents assignatures.<\/p>\n<p style=\"text-align: justify;\">En les taules seg\u00fcents, les assignatures de la columna de l\u2019esquerra es cursen al doble itinerari, mentre que les de la dreta s\u00f3n les que es reconeixen en el grau en Matem\u00e0tiques (per tant, no cal cursar-les).<\/p>\n<p style=\"text-align: justify;\">[\/vc_column_text][\/vc_column][vc_column width=&#8221;1\/2&#8243;][vc_column_text]<strong>Cr\u00e8dits optatius<\/strong><\/p>\n<p>L\u2019itinerari doble Grau en Matem\u00e0tiques &#8211; Grau en F\u00edsica cont\u00e9 12 cr\u00e8dits de tipus optatiu, 6 cr\u00e8dits optatius de matem\u00e0tiques i 6 cr\u00e8dits optatius de F\u00edsica.[\/vc_column_text][\/vc_column][\/vc_row][vc_row][vc_column][vc_tta_tabs active_section=&#8221;1&#8243;][vc_tta_section title=&#8221;Reconeixement del doble itinerari al GRAU DE MATEM\u00c0TIQUES&#8221; tab_id=&#8221;doble-mates&#8221;][vc_column_text]<\/p>\n<table id=\"AutoNumber1\" border=\"1\" cellspacing=\"0\" align=\"center\">\n<tbody>\n<tr>\n<td colspan=\"2\" height=\"18\">\n<p align=\"center\"><b><span style=\"font-size: medium;\">RECONEIXEMENT DEL DOBLE ITINERARI CAP AL GRAU EN MATEM\u00c0TIQUES<\/span><\/b><\/p>\n<\/td>\n<\/tr>\n<tr>\n<td align=\"center\" width=\"50%\" height=\"18\"><b>Itinerari Doble<\/b><\/td>\n<td align=\"center\" width=\"50%\" height=\"18\"><b>Grau en Matem\u00e0tiques<\/b><\/td>\n<\/tr>\n<tr>\n<td width=\"50%\" height=\"18\"><span style=\"font-size: small;\">Fonaments de Mec\u00e0nica<\/span><\/td>\n<td width=\"50%\" height=\"18\"><span style=\"font-size: small;\">F\u00edsica (FB)<\/span><\/td>\n<\/tr>\n<tr>\n<td width=\"50%\" height=\"18\"><span style=\"font-size: small;\">F\u00edsica Qu\u00e0ntica<\/span><\/td>\n<td width=\"50%\" height=\"18\"><span style=\"font-size: small;\">F\u00edsica Qu\u00e0ntica (OTM)<\/span><\/td>\n<\/tr>\n<tr>\n<td width=\"50%\" height=\"18\"><span style=\"font-size: small;\">Electrodin\u00e0mica<\/span><\/td>\n<td width=\"50%\" height=\"18\"><span style=\"font-size: small;\">Electrodin\u00e0mica (OTM)<\/span><\/td>\n<\/tr>\n<tr>\n<td width=\"50%\" height=\"18\"><span style=\"font-size: small;\">Mec\u00e0nica Te\u00f2rica<\/span><\/td>\n<td width=\"50%\" height=\"18\"><span style=\"font-size: small;\">Mec\u00e0nica Te\u00f2rica (OTM)<\/span><\/td>\n<\/tr>\n<tr>\n<td width=\"50%\" height=\"18\"><span style=\"font-size: small;\">Astrof\u00edsica i Cosmologia<\/span><\/td>\n<td width=\"50%\" height=\"18\"><span style=\"font-size: small;\">Astrof\u00edsica i Cosmologia (OTM)<\/span><\/td>\n<\/tr>\n<tr>\n<td width=\"50%\" height=\"18\"><span style=\"font-size: small;\">Mec\u00e0nica Qu\u00e0ntica<\/span><\/td>\n<td width=\"50%\" height=\"18\"><span style=\"font-size: small;\">Mec\u00e0nica Qu\u00e0ntica (OTM)<\/span><\/td>\n<\/tr>\n<tr>\n<td width=\"50%\" height=\"18\"><span style=\"font-size: small;\">F\u00edsica Estad\u00edstica<\/span><\/td>\n<td width=\"50%\" height=\"18\"><span style=\"font-size: small;\">F\u00edsica Estad\u00edstica (OTM)<\/span><\/td>\n<\/tr>\n<tr>\n<td width=\"50%\" height=\"18\"><span style=\"font-size: small;\">Fonaments d&#8217;Ones, Fluids i Termodin\u00e0mica<br \/>\nFonaments d&#8217;Electromagnetisme i \u00d2ptica<br \/>\nFonaments de Laboratori<br \/>\nEquacions Diferencials i C\u00e0lcul Vectorial<br \/>\nMec\u00e0nica<br \/>\nM\u00e8todes Num\u00e8rics per a la F\u00edsica II<br \/>\nMeteorologia i Climatologia<br \/>\n<\/span><\/td>\n<td width=\"50%\" height=\"18\"><span style=\"font-size: small;\">Aritm\u00e8tica (FB)<br \/>\nElements de Programaci\u00f3 (FB)<br \/>\nAn\u00e0lisi de Dades i Introducci\u00f3 a la Probabilitat (FB)<br \/>\nM\u00e8todes Num\u00e8rics II (OB)<br \/>\nModelitzaci\u00f3 (OB)<\/span><\/td>\n<\/tr>\n<\/tbody>\n<\/table>\n<div align=\"center\">\n<p>&nbsp;<\/p>\n<\/div>\n<p>&nbsp;[\/vc_column_text][\/vc_tta_section][vc_tta_section title=&#8221;Reconeixement del doble itinerari al GRAU EN F\u00cdSICA&#8221; tab_id=&#8221;1664969790344-087c8997-b99e&#8221;][vc_column_text css=&#8221;&#8221;]<\/p>\n<table id=\"AutoNumber1\" style=\"width: 80%;\" border=\"1\" width=\"80%\" cellspacing=\"0\" align=\"center\">\n<tbody>\n<tr>\n<td style=\"width: 100%;\" colspan=\"2\" height=\"18\">\n<p align=\"center\"><b><span style=\"font-size: medium;\">RECONEIXEMENT DEL DOBLE ITINERARI CAP AL GRAU EN F\u00cdSICA<\/span><\/b><\/p>\n<\/td>\n<\/tr>\n<tr>\n<td style=\"width: 50%;\" align=\"center\" width=\"50%\" height=\"18\"><b>Itinerari Doble<\/b><\/td>\n<td style=\"width: 50%;\" align=\"center\" width=\"50%\" height=\"18\"><b>Grau en F\u00edsica<\/b><\/td>\n<\/tr>\n<tr>\n<td style=\"width: 50%;\" width=\"207\">\u00c0lgebra Lineal<\/td>\n<td style=\"width: 50%;\" width=\"180\">\u00c0lgebra Lineal i Geometria<\/td>\n<\/tr>\n<tr>\n<td style=\"width: 50%;\" width=\"207\">An\u00e0lisi Complexa<\/td>\n<td style=\"width: 50%;\" width=\"180\">M\u00e8todes Matem\u00e0tics per a la\u00a0F\u00edsica I<\/td>\n<\/tr>\n<tr>\n<td style=\"width: 50%;\" width=\"207\">\n<p>Introducci\u00f3 al C\u00e0lcul Diferencial<\/p>\n<p>Introducci\u00f3 al C\u00e0lcul Integral<\/td>\n<td style=\"width: 50%;\" width=\"180\">C\u00e0lcul d\u2019una Variable<\/td>\n<\/tr>\n<tr>\n<td style=\"width: 50%;\" width=\"207\">Estructures Algebraiques<\/td>\n<td style=\"width: 50%;\" width=\"180\">Estructures Algebraiques<\/td>\n<\/tr>\n<tr>\n<td style=\"width: 50%;\" width=\"207\">Geometria Diferencial de Corbes i Superf\u00edcies<\/td>\n<td style=\"width: 50%;\" width=\"180\">Geometria Diferencial de Corbes i Superf\u00edcies<\/td>\n<\/tr>\n<tr>\n<td style=\"width: 50%;\" width=\"207\">Topologia<\/td>\n<td style=\"width: 50%;\" width=\"180\">Topologia<\/td>\n<\/tr>\n<tr>\n<td style=\"width: 50%;\" width=\"207\">Topologia i Geometria Global de Superf\u00edcies<\/td>\n<td style=\"width: 50%;\" width=\"180\">Topologia i Geometria Global de Superf\u00edcies<\/td>\n<\/tr>\n<tr>\n<td style=\"width: 50%;\"><span style=\"font-size: 10pt;\">Programaci\u00f3 Cient\u00edfica<\/span><\/td>\n<td style=\"width: 50%;\"><span style=\"font-size: 10pt;\">Inform\u00e0tica<\/span><\/td>\n<\/tr>\n<tr>\n<td style=\"width: 50%;\">\n<p><span style=\"font-size: 10pt;\">C\u00e0lcul Integral en Diverses\u00a0Variables<\/span><\/p>\n<p><span style=\"font-size: 10pt;\">C\u00e0lcul Diferencial en Diverses\u00a0Variables<\/span><\/td>\n<td style=\"width: 50%;\"><span style=\"font-size: 10pt;\">C\u00e0lcul de Diverses Variables<\/span><\/td>\n<\/tr>\n<tr>\n<td style=\"width: 50%;\" width=\"207\">\n<p><span style=\"font-size: 10pt;\">Llenguatge i Raonament Matem\u00e0tic<\/span><\/p>\n<p><span style=\"font-size: 10pt;\">M\u00e8todes Num\u00e8rics I <\/span><\/p>\n<p><span style=\"font-size: 10pt;\">Probabilitats<\/span><\/p>\n<p><span style=\"font-size: 10pt;\">Estad\u00edstica<\/span><\/td>\n<td style=\"width: 50%;\" width=\"180\">\n<p><span style=\"font-size: 10pt;\">Qu\u00edmica<\/span><\/p>\n<p><span style=\"font-size: 10pt;\">F\u00edsica Computacional<\/span><\/p>\n<p><span style=\"font-size: 10pt;\">Laboratori de F\u00edsica Moderna<\/span><\/p>\n<p><span style=\"font-size: 10pt;\">Fen\u00f2mens Col\u00b7lectius i\u00a0<\/span><span style=\"font-size: 10pt;\">Transicions de Fase<\/span><\/td>\n<\/tr>\n<\/tbody>\n<\/table>\n<p>&nbsp;<\/p>\n<div align=\"center\">\n<p>&nbsp;<\/p>\n<\/div>\n<p>[\/vc_column_text][\/vc_tta_section][\/vc_tta_tabs][vc_column_text]<\/p>\n<p style=\"text-align: center;\"><span style=\"font-size: 18pt;\"><strong>ATENCI\u00d3:<\/strong><\/span><\/p>\n<p>Els reconeixements de cr\u00e8dits s\u2019han de demanar a cada secretaria de facultat de matem\u00e0tiques i inform\u00e0tica quan constin totes les notes a l\u2019expedient, preferiblement en el darrer curs. Podeu trobar m\u00e9s informaci\u00f3 a <a href=\"https:\/\/mat.ub.edu\/secretaria\/tramits-destudis-de-grau\/reconeixement-de-credits\/\">AQU\u00cd.<\/a>[\/vc_column_text][\/vc_column][\/vc_row][vc_row disable_element=&#8221;yes&#8221;][vc_column][vc_tta_tabs alignment=&#8221;center&#8221; active_section=&#8221;1&#8243;][vc_tta_section title=&#8221;Entrada a partir de 2012-13&#8243; tab_id=&#8221;1664374455983-2b306ff6-f5d6&#8243;][vc_column_text]<\/p>\n<table id=\"AutoNumber1\" border=\"1\" width=\"80%\" cellspacing=\"0\" align=\"center\">\n<tbody>\n<tr>\n<td colspan=\"2\" height=\"18\">\n<p align=\"center\"><b><span style=\"font-size: medium;\">RECONEIXEMENT DEL DOBLE ITINERARI CAP AL GRAU EN MATEM\u00c0TIQUES<\/span><\/b><\/p>\n<\/td>\n<\/tr>\n<tr>\n<td align=\"center\" width=\"50%\" height=\"18\"><b>Itinerari Doble<\/b><\/td>\n<td align=\"center\" width=\"50%\" height=\"18\"><b>Grau en Matem\u00e0tiques<\/b><\/td>\n<\/tr>\n<tr>\n<td width=\"50%\" height=\"18\"><span style=\"font-size: small;\">Fonaments de Mec\u00e0nica<\/span><\/td>\n<td width=\"50%\" height=\"18\"><span style=\"font-size: small;\">F\u00edsica (FB)<\/span><\/td>\n<\/tr>\n<tr>\n<td width=\"50%\" height=\"18\"><span style=\"font-size: small;\">F\u00edsica Qu\u00e0ntica<\/span><\/td>\n<td width=\"50%\" height=\"18\"><span style=\"font-size: small;\">F\u00edsica Qu\u00e0ntica (OTM)<\/span><\/td>\n<\/tr>\n<tr>\n<td width=\"50%\" height=\"18\"><span style=\"font-size: small;\">Electrodin\u00e0mica<\/span><\/td>\n<td width=\"50%\" height=\"18\"><span style=\"font-size: small;\">Electrodin\u00e0mica (OTM)<\/span><\/td>\n<\/tr>\n<tr>\n<td width=\"50%\" height=\"18\"><span style=\"font-size: small;\">Mec\u00e0nica Te\u00f2rica<\/span><\/td>\n<td width=\"50%\" height=\"18\"><span style=\"font-size: small;\">Mec\u00e0nica Te\u00f2rica (OTM)<\/span><\/td>\n<\/tr>\n<tr>\n<td width=\"50%\" height=\"18\"><span style=\"font-size: small;\">Astrof\u00edsica i Cosmologia<\/span><\/td>\n<td width=\"50%\" height=\"18\"><span style=\"font-size: small;\">Astrof\u00edsica i Cosmologia (OTM)<\/span><\/td>\n<\/tr>\n<tr>\n<td width=\"50%\" height=\"18\"><span style=\"font-size: small;\">Mec\u00e0nica Qu\u00e0ntica<\/span><\/td>\n<td width=\"50%\" height=\"18\"><span style=\"font-size: small;\">Mec\u00e0nica Qu\u00e0ntica (OTM)<\/span><\/td>\n<\/tr>\n<tr>\n<td width=\"50%\" height=\"18\"><span style=\"font-size: small;\">F\u00edsica Estad\u00edstica<\/span><\/td>\n<td width=\"50%\" height=\"18\"><span style=\"font-size: small;\">F\u00edsica Estad\u00edstica (OTM)<\/span><\/td>\n<\/tr>\n<tr>\n<td width=\"50%\" height=\"18\"><span style=\"font-size: small;\">Fonaments d&#8217;Ones, Fluids i Termodin\u00e0mica<br \/>\nFonaments d&#8217;Electromagnetisme i \u00d2ptica<br \/>\nFonaments de Laboratori<br \/>\nEquacions Diferencials i C\u00e0lcul Vectorial<br \/>\nMec\u00e0nica<br \/>\nM\u00e8todes Num\u00e8rics per a la F\u00edsica II<br \/>\nMeteorologia i Climatologia<br \/>\n<\/span><\/td>\n<td width=\"50%\" height=\"18\"><span style=\"font-size: small;\">Aritm\u00e8tica (FB)<br \/>\nElements de Programaci\u00f3 (FB)<br \/>\nAn\u00e0lisi de Dades i Introducci\u00f3 a la Probabilitat (FB)<br \/>\nM\u00e8todes Num\u00e8rics II (OB)<br \/>\nModels Matem\u00e0tics i Sistemes Din\u00e0mics (OB)<br \/>\nModelitzaci\u00f3 (OB)<\/span><\/td>\n<\/tr>\n<\/tbody>\n<\/table>\n<p>&nbsp;<\/p>\n<div align=\"center\">\n<p>&nbsp;<\/p>\n<\/div>\n<p>[\/vc_column_text][\/vc_tta_section][vc_tta_section title=&#8221;Entrada 2009-10, 2010-11 o 2011-12&#8243; tab_id=&#8221;1664374455983-af9e0aa4-50b3&#8243;][vc_column_text]<\/p>\n<table id=\"AutoNumber1\" border=\"1\" width=\"80%\" cellspacing=\"0\">\n<tbody>\n<tr>\n<td colspan=\"2\" width=\"100%\" height=\"18\">\n<p align=\"center\"><b><span style=\"font-size: medium;\">RECONEIXEMENT DEL DOBLE ITINERARI CAP AL GRAU EN MATEM\u00c0TIQUES<\/span><\/b><\/p>\n<\/td>\n<\/tr>\n<tr>\n<td align=\"center\" width=\"50%\" height=\"18\"><b>Itinerari Doble<\/b><\/td>\n<td align=\"center\" width=\"50%\" height=\"18\"><b>Grau en Matem\u00e0tiques<\/b><\/td>\n<\/tr>\n<tr>\n<td width=\"25%\" height=\"18\">\n<div align=\"left\"><span style=\"font-size: small;\">Fonaments d&#8217;Ones, Fluids i Termodin\u00e0mica<\/span><\/div>\n<\/td>\n<td width=\"25%\" height=\"18\">\n<div align=\"left\"><span style=\"font-size: small;\">An\u00e0lisi de Dades i Introducci\u00f3 a la Probabilitat<\/span> (FB)<\/div>\n<\/td>\n<\/tr>\n<tr>\n<td width=\"25%\" height=\"18\">\n<div align=\"left\"><span style=\"font-size: small;\">C\u00e0lcul d&#8217;una Variable<\/span><\/div>\n<\/td>\n<td width=\"25%\" height=\"18\">\n<div align=\"left\"><span style=\"font-size: small;\">Introducci\u00f3 al C\u00e0lcul Diferencial<\/span> (FB)<\/div>\n<\/td>\n<\/tr>\n<tr>\n<td width=\"25%\" height=\"18\">\n<div align=\"left\"><span style=\"font-size: small;\">Fonaments de Mec\u00e0nica<\/span><\/div>\n<\/td>\n<td width=\"25%\" height=\"18\">\n<div align=\"left\"><span style=\"font-size: small;\">Aritm\u00e8tica<\/span> (FB)<\/div>\n<\/td>\n<\/tr>\n<tr>\n<td width=\"25%\" height=\"18\">\n<div align=\"left\"><span style=\"font-size: small;\">Fonaments d&#8217;Electromagnetisme i \u00d2ptica<\/span><\/div>\n<\/td>\n<td width=\"25%\" height=\"18\">\n<div align=\"left\"><span style=\"font-size: small;\">F\u00edsica<\/span> (FB)<\/div>\n<\/td>\n<\/tr>\n<tr>\n<td width=\"25%\" height=\"18\">\n<div align=\"left\"><span style=\"font-size: small;\">Fonaments de Laboratori<\/span><\/div>\n<\/td>\n<td width=\"25%\" height=\"18\">\n<div align=\"left\"><span style=\"font-size: small;\">Programaci\u00f3 Cient\u00edfica<\/span> (FB)<\/div>\n<\/td>\n<\/tr>\n<tr>\n<td width=\"25%\" height=\"18\">\n<div align=\"left\"><span style=\"font-size: small;\">C\u00e0lcul en Diverses Variables<\/span><\/div>\n<\/td>\n<td width=\"25%\" height=\"18\">\n<div align=\"left\"><span style=\"font-size: small;\">Introducci\u00f3 al C\u00e0lcul Integral<\/span> (FB)<\/div>\n<\/td>\n<\/tr>\n<tr>\n<td width=\"25%\" height=\"18\">\n<div align=\"left\"><span style=\"font-size: small;\">Mec\u00e0nica<\/span><\/div>\n<\/td>\n<td width=\"25%\" height=\"18\">\n<div align=\"left\"><span style=\"font-size: small;\">Models Matem\u00e0tics i Sistemes Din\u00e0mics<\/span> (OB)<\/div>\n<\/td>\n<\/tr>\n<tr>\n<td width=\"25%\" height=\"18\">\n<div align=\"left\"><span style=\"font-size: small;\">F\u00edsica Qu\u00e0ntica<\/span><\/div>\n<\/td>\n<td width=\"25%\" height=\"18\">\n<div align=\"left\"><span style=\"font-size: small;\">F\u00edsica Qu\u00e0ntica (OTM)<\/span><\/div>\n<\/td>\n<\/tr>\n<tr>\n<td width=\"25%\" height=\"18\">\n<div align=\"left\"><span style=\"font-size: small;\">Electrodin\u00e0mica<\/span><\/div>\n<\/td>\n<td width=\"25%\" height=\"18\">\n<div align=\"left\"><span style=\"font-size: small;\">Electrodin\u00e0mica (OTM)<\/span><\/div>\n<\/td>\n<\/tr>\n<tr>\n<td width=\"25%\" height=\"18\">\n<div align=\"left\"><span style=\"font-size: small;\">Mec\u00e0nica Te\u00f2rica<\/span><\/div>\n<\/td>\n<td width=\"25%\" height=\"18\">\n<div align=\"left\"><span style=\"font-size: small;\">Mec\u00e0nica Te\u00f2rica (OTM)<\/span><\/div>\n<\/td>\n<\/tr>\n<tr>\n<td width=\"25%\" height=\"18\">\n<div align=\"left\"><span style=\"font-size: small;\">Astrof\u00edsica i Cosmologia<\/span><\/div>\n<\/td>\n<td width=\"25%\" height=\"18\">\n<div align=\"left\"><span style=\"font-size: small;\">Astrof\u00edsica i Cosmologia (OTM)<\/span><\/div>\n<\/td>\n<\/tr>\n<tr>\n<td width=\"25%\" height=\"18\">\n<div align=\"left\"><span style=\"font-size: small;\">Mec\u00e0nica Qu\u00e0ntica<\/span><\/div>\n<\/td>\n<td width=\"25%\" height=\"18\">\n<div align=\"left\"><span style=\"font-size: small;\">Mec\u00e0nica Qu\u00e0ntica (OTM)<\/span><\/div>\n<\/td>\n<\/tr>\n<tr>\n<td width=\"25%\" height=\"18\">\n<div align=\"left\"><span style=\"font-size: small;\">F\u00edsica Estad\u00edstica<\/span><\/div>\n<\/td>\n<td width=\"25%\" height=\"18\">\n<div align=\"left\"><span style=\"font-size: small;\">F\u00edsica Estad\u00edstica (OTM)<\/span><\/div>\n<\/td>\n<\/tr>\n<tr>\n<td width=\"25%\" height=\"18\">\n<div align=\"left\"><span style=\"font-size: small;\">Equacions Diferencials i C\u00e0lcul Vectorial<br \/>\nC\u00e0lcul Integral en Diverses Variables<\/span><\/div>\n<\/td>\n<td width=\"25%\" height=\"18\">\n<div align=\"left\"><span style=\"font-size: small;\">C\u00e0lcul Diferencial en Diverses Variables<\/span> (OB)<\/div>\n<\/td>\n<\/tr>\n<tr>\n<td width=\"25%\" height=\"18\">\n<div align=\"left\"><span style=\"font-size: small;\">Mec\u00e0nica<br \/>\nM\u00e8todes Num\u00e8rics per a la F\u00edsica II<br \/>\nMeteorologia i Climatologia<\/span><\/div>\n<\/td>\n<td width=\"25%\" height=\"18\">\n<div align=\"left\"><span style=\"font-size: small;\">M\u00e8todes Num\u00e8rics II (OB)<br \/>\nModelitzaci\u00f3<\/span> (OB)<\/div>\n<\/td>\n<\/tr>\n<\/tbody>\n<\/table>\n<p style=\"text-align: center;\">OTM: Optatives de la Menci\u00f3 en F\u00edsica, del Grau en Matem\u00e0tiques<\/p>\n<p style=\"text-align: center;\"><a href=\"http:\/\/www.ub.edu\/fisica\/guia_graus_fismat\/docs_grau\/2009_taula_reconeix_FIS-MAT.pdf\">RECONEIXEMENT DEL DOBLE ITINERARI CAP AL GRAU EN F\u00cdSICA<\/a><\/p>\n<p>[\/vc_column_text][\/vc_tta_section][\/vc_tta_tabs][vc_column_text]<\/p>\n<p style=\"text-align: center;\"><span style=\"font-size: 18pt;\"><strong>ATENCI\u00d3:<\/strong><\/span><\/p>\n<ol style=\"text-align: justify;\">\n<li>Els reconeixements de cr\u00e8dits s\u2019han de demanar a cada secretaria de facultat quan constin totes les notes a l\u2019expedient, preferiblement en el darrer curs.<\/li>\n<li>Ara b\u00e9, per a tenir dret a les convocat\u00f2ries extraodin\u00e0ries d\u2019avaluaci\u00f3 (<a href=\"http:\/\/www.ub.edu\/acad\/noracad\/avaluacio.pdf\" target=\"_blank\" rel=\"noopener\">article 15.3 de la normativa corresponent<\/a>) cal que demaneu el reconeixement quan acabeu el pen\u00faltim curs de l\u2019itinerari.<br \/>\nConsulteu<a href=\"https:\/\/mat.ub.edu\/secretaria\/tramits-destudis-de-grau\/convocatoria-extraordinaria-de-fi-de-carrera\/\" target=\"_blank\" rel=\"noopener\"> aquest enlla\u00e7<\/a> per als terminis de sol\u00b7licitud i les dates de les convocat\u00f2ries, en el cas de la Facultat de Matem\u00e0tiques i Inform\u00e0tica.<\/li>\n<li>Observeu que es reconeixen 36 cr\u00e8dits optatius de la menci\u00f3 de F\u00edsica. Per a completar els 42 necessaris en el Grau en Matem\u00e0tiques, es recomana cursar una assignatura optativa de la intensificaci\u00f3 en Matem\u00e0tiques.<\/li>\n<li><b>Un cop obtinguda la resoluci\u00f3 del reconeixement, no es podr\u00e0 sol\u00b7licitar una modificaci\u00f3 de la mateixa<\/b>.<\/li>\n<\/ol>\n<p style=\"text-align: justify;\">[\/vc_column_text][\/vc_column][\/vc_row]<\/p>\n<\/div>","protected":false},"excerpt":{"rendered":"<p>[vc_row][vc_column width=&#8221;1\/2&#8243;][vc_column_text] Reconeixement de cr\u00e8dits Hi ha assignatures dels dos ensenyaments que no cal cursar quan es fa l\u2019itinerari doble: s\u00f3n reconegudes a trav\u00e9s d\u2019unes taules d\u2019equival\u00e8ncia que s\u2019han acordat tenint en compte els continguts i les compet\u00e8ncies de les diferents assignatures. En les taules seg\u00fcents, les assignatures de la columna de l\u2019esquerra es cursen [&hellip;]<\/p>\n","protected":false},"author":1,"featured_media":0,"parent":0,"menu_order":0,"comment_status":"closed","ping_status":"closed","template":"","meta":{"footnotes":""},"class_list":["post-13","page","type-page","status-publish","hentry"],"_links":{"self":[{"href":"https:\/\/mat.ub.edu\/graumatesfisica\/wp-json\/wp\/v2\/pages\/13","targetHints":{"allow":["GET"]}}],"collection":[{"href":"https:\/\/mat.ub.edu\/graumatesfisica\/wp-json\/wp\/v2\/pages"}],"about":[{"href":"https:\/\/mat.ub.edu\/graumatesfisica\/wp-json\/wp\/v2\/types\/page"}],"author":[{"embeddable":true,"href":"https:\/\/mat.ub.edu\/graumatesfisica\/wp-json\/wp\/v2\/users\/1"}],"replies":[{"embeddable":true,"href":"https:\/\/mat.ub.edu\/graumatesfisica\/wp-json\/wp\/v2\/comments?post=13"}],"version-history":[{"count":29,"href":"https:\/\/mat.ub.edu\/graumatesfisica\/wp-json\/wp\/v2\/pages\/13\/revisions"}],"predecessor-version":[{"id":223,"href":"https:\/\/mat.ub.edu\/graumatesfisica\/wp-json\/wp\/v2\/pages\/13\/revisions\/223"}],"wp:attachment":[{"href":"https:\/\/mat.ub.edu\/graumatesfisica\/wp-json\/wp\/v2\/media?parent=13"}],"curies":[{"name":"wp","href":"https:\/\/api.w.org\/{rel}","templated":true}]}}